mmon divisor of 242 and m?
22
Let g(z) = -z**3 + 35*z**2 + 75*z - 21. Let o be g(37). Calculate the highest common factor of 344 and o.
8
Let x = -353 - -714. Calculate the highest common factor of x and 19.
19
Suppose 6 = 2*n + 2*n - 2*k, 4*k + 7 = 3*n. Let a be (-1529)/(-55) + n/5. What is the highest common divisor of 42 and a?
14
Let q(i) = 5*i - 60. Let s be q(18). What is the greatest common divisor of s and 30?
30
Suppose -2*m + 657 = y + 2*y, -2*m - 5*y = -663. Suppose -m = -20*a + 16*a. Calculate the greatest common divisor of a and 54.
27
Let t(b) = 3*b + 2*b - b. Let q be t(3). Calculate the highest common factor of q and 8.
4
Suppose 4*o = -s + 6 + 20, -9 = -4*s + 3*o. Suppose -d = -s + 4. Suppose -2*q + w = -2*w - 4, -q + 9 = d*w. Calculate the highest common divisor of q and 35.
5
Suppose 169 = -5*f - 1. Let t = f + 82. Suppose 2*d - t = -0*d. What is the highest common divisor of 168 and d?
24
Let a(t) = -t**2 - 10*t - 15. Let q be a(-8). Suppose 47 = 2*f + q. Let u = 2 + f. Calculate the highest common divisor of 10 and u.
5
Let a = 170 + 124. Calculate the greatest common factor of 84 and a.
42
Suppose i - 253 = -230. What is the highest common divisor of i and 23?
23
Let k(b) = -25*b**2 - 132*b - 28. Let s be k(-5). Let a(z) = -22*z**3 - z**2 - z - 1. Let j be a(-1). What is the greatest common factor of j and s?
7
Let x be (32 + -1)*1 - 1. Let f = x - 21. Calculate the highest common factor of 3 and f.
3
Suppose 9*m = -254 - 241. Let p be (-94)/(-10) + 22/m. Calculate the greatest common divisor of p and 153.
9
Suppose 2*w - 2*n - 104 = -2*w, 0 = -w - 4*n + 26. Let q = 46 - w. What is the highest common divisor of 8 and q?
4
Let q be 1 - (-6 + 24)*(1 - 2). Let z = -14 + q. What is the greatest common divisor of z and 2?
1
Suppose -4*x + 28 + 212 = 0. What is the greatest common divisor of x and 70?
10
Let k be (-96 + 6 + -3)*-2. Let u be 18/(-27)*(-18)/4. Suppose -3*z - u*h = -k, 3*z - 116 = 3*h + 76. What is the greatest common factor of z and 9?
9
Let u be (-6)/3*1 + 30. Let n(p) = 4*p**2 - 8*p + 8. Let k be n(6). Let x = k + -34. What is the greatest common divisor of x and u?
14
Suppose -3 = -3*y + 3, -4*n = 3*y - 114. Let g = -18 + n. What is the highest common factor of g and 6?
3
Let m(c) = 9*c**3 - c**2 - c + 1. Let a be m(1). Let l(z) = -z - 9. Let g be l(-7). Let j be (-2 + 4 + 9/(-3))*g. What is the highest common divisor of a and j?
2
Suppose 10 = 2*a, 4*j - 117 = -a - 0*a. Let y = -1678 - -1902. What is the highest common divisor of y and j?
28
Suppose 3*m - 9 + 6 = 0. Let s(i) = -2*i**2 + 7*i**3 - 3*i + 3*i**2 + 2*i + 1. Let l be s(m). Calculate the highest common divisor of l and 8.
8
Let m be (-204)/(-10) - (-2)/(-5). Suppose 63*y - 51*y = 1200. Calculate the highest common factor of m and y.
20
Let l(b) = 20*b - 20. Let k be l(4). What is the greatest common factor of 255 and k?
15
Let x be ((-16)/(-6))/(4/6). Let w(q) = -2*q**2 + 5*q. Let i be w(x). Let c = i + 20. What is the greatest common factor of 1 and c?
1
Suppose 0 = -72*m + 75*m - 270. Calculate the highest common divisor of m and 126.
18
Let y be ((-3)/(-5) - 1)/((-1)/40). Calculate the highest common factor of y and 76.
4
Let h(j) = -15 + 13 + 2*j**2 - 3*j + 7*j - 7. Let l be h(3). Let q(g) = 85*g - 1. Let m be q(1). Calculate the highest common divisor of m and l.
21
Let j(k) = -9 + 15 + k + 2*k - k**2. Let s be j(5). Let a be -4*(s/(-2) - 32). What is the greatest common factor of 15 and a?
15
Let b(v) = 61*v - 24. Let t(w) = -396*w + 156. Let p(c) = -32*b(c) - 5*t(c). Let o be p(7). What is the highest common factor of o and 46?
46
Suppose -c - 2*c = -4*z - 36, -5*c - 5*z = -60. Suppose -c*s + 444 = 24. Calculate the highest common factor of 10 and s.
5
Let z be (-88)/(-6) + 7/21. Calculate the greatest common factor of 15 and z.
15
Let k = 9 - -22. Let w = k + -16. Calculate the greatest common factor of w and 6.
3
Let u(o) = 2*o**3 - 4*o**2 - 5*o - 4. Let v be u(5). Suppose -7*b - 37 = 54. Let r = b + 24. What is the highest common divisor of r and v?
11
Let j be (-1 - 2)/(153/(-204)). What is the greatest common divisor of j and 31?
1
Let i(j) = -3 - 2*j + 2 + 5*j. Let l be i(-3). Let x(f) = -f**2 - 12*f - 15. Let r be x(l). Calculate the highest common factor of 40 and r.
5
Let l(y) = 24*y - 326. Let o be l(14). What is the greatest common factor of o and 1550?
10
Suppose -4*l - 26 = -98. Let b = -17534 + 17588. What is the highest common factor of l and b?
18
Let x(m) = -m**2 + 3*m - 2. Let c be x(2). Suppose -2*y - 9 - 7 = c. Let u = 11 + y. What is the highest common factor of u and 15?
3
Let d(f) = 2*f**2 + 4*f - 4. Let y be d(-6). Let i = -1784 + 1788. What is the highest common divisor of i and y?
4
Let z(w) = w**3 + 15*w**2 + 19*w + 18. Suppose 11*q + 87 = -12. Let k be z(q). What is the highest common factor of k and 37?
37
Suppose -i + 0 = -2. Suppose 5*b = 5*w - 10, 0 = -w - 4*w + i*b - 2. Let x be (2 - (w - -2)) + 10. What is the greatest common factor of 48 and x?
12
Let m(v) = -33*v**3 + 5*v**2 + 3*v - 3. Let h be 9/(-4) + -2*(-4)/32. Let f be m(h). What is the greatest common factor of 11 and f?
11
Suppose 0*g + 2*g = -4. Let j be 25/(-15) - g/(-6). Let k be (-6)/(-2) + j + 99. What is the highest common factor of k and 40?
20
Let k(f) = -f**2 - 7*f - 2. Let h be k(-3). Let v be 22/(-187) + (-174)/(-34). Calculate the greatest common divisor of h and v.
5
Let d = 121 + -81. Suppose 5*h = -2*w + 4, 0 = -0*w - 3*w + h + d. Let m = 198 + -78. What is the highest common factor of m and w?
12
Suppose -s = -2*s - 150. Let o be s/(-6 - -3 - -1). Let w = -31 + o. Calculate the greatest common divisor of w and 4.
4
Let x(a) = 20*a + 411. Let y be x(-20). What is the highest common factor of 77 and y?
11
Let n(d) = 30*d**2 + d - 1. Let c be n(1). Suppose 3*s - 75 - c = 0. Calculate the greatest common divisor of s and 14.
7
Suppose -4*k = -q - 47, 2*q = -3*k - 2*q + 21. Let i be (-1 - 0) + (143 - -1). Calculate the greatest common factor of i and k.
11
Suppose -5*r + 11 + 4 = 0, -5*g + r = -537. Calculate the greatest common divisor of g and 144.
36
Let f = -207 + 211. Let x = -68 - -96. Calculate the greatest common factor of x and f.
4
Suppose -5*c - 3792 = -3*s, -4*s - c + 4072 + 984 = 0. Calculate the highest common factor of 16 and s.
16
Let k be (0*(2 + (-5)/2))/1. Suppose 10*t - 14*t + 20 = k. Let q(m) = 10*m. Let w be q(2). Calculate the greatest common divisor of w and t.
5
Suppose -10 = -l + 3*l, z - 26 = -2*l. Let r be (z - 1)*(5 - 2). What is the highest common factor of r and 70?
35
Let z = -1 - -2. Let b = -210 + 210. Suppose -5*k + 3*q + 11 = b, 2*k + q = -0*q. What is the greatest common divisor of z and k?
1
Suppose -4*l + 2*y + 382 = -724, 0 = -3*l + 5*y + 819. Let k be l/(-5) - (-10)/(-25). Let r = 86 + k. Calculate the greatest common divisor of r and 45.
15
Let d be -2 - 5/((-10)/28). Suppose -7*x + 1208 = 284. What is the highest common factor of x and d?
12
Let t(j) = -3*j**2 - 59*j - 11. Let z(y) = -11*y + 27. Let p be z(4). Let g be t(p). Calculate the greatest common factor of 5 and g.
5
Let j be 2/(-9) - (-368)/36. Suppose -2*r - 12 - 42 = -3*k, 0 = -r + 3. Let b = k - 16. What is the greatest common divisor of j and b?
2
Let g(p) = -p**2 - p + 24. Let o be g(0). Let q = o - -16. Suppose -x + 36 - 20 = 0. Calculate the greatest common divisor of x and q.
8
Let x = -1 + 3. Suppose 15 - 1 = x*r. Suppose -3*w - 335 = -440. What is the greatest common divisor of r and w?
7
Suppose 0 = -2*p - s + 751, 2*p - 5*s - 561 = 220. What is the highest common divisor of p and 14?
14
Let z be 4/4 + (-11)/(-1). Let j(g) = -6*g**3 - g**2 - 2*g - 1. Let i be j(-1). Let u = i - 3. Calculate the greatest common divisor of z and u.
3
Let d be 41 + ((-1)/(-3))/((-6)/(-18)). Calculate the highest common factor of d and 84.
42
Let f(x) = -2*x**2 + 15*x + 8. Let r be f(8). Suppose 4*q - 38 - 2 = r. Calculate the highest common factor of q and 80.
10
Suppose -676*u + 671*u + 3605 = 0. Calculate the highest common divisor of u and 206.
103
Let q be 1/(-4) + 357/68. Suppose -5*a - 4*f + 14 = 0, -2 - 9 = -q*a - f. Calculate the highest common factor of 3 and a.
1
Suppose 14*i + 703 - 1767 = 0. What is the greatest common factor of i